{"id":4858,"date":"2023-04-13T13:14:10","date_gmt":"2023-04-13T10:14:10","guid":{"rendered":"https:\/\/ankaramahallekahvecileri.com\/?page_id=4858"},"modified":"2023-11-18T10:41:31","modified_gmt":"2023-11-18T07:41:31","slug":"yarisma","status":"publish","type":"page","link":"https:\/\/ankaramahallekahvecileri.com\/?page_id=4858","title":{"rendered":"NILKY LATTE ART"},"content":{"rendered":"\t\t<div data-elementor-type=\"wp-page\" data-elementor-id=\"4858\" class=\"elementor elementor-4858\">\n\t\t\t\t\t\t<section class=\"elementor-section elementor-top-section elementor-element elementor-element-5232a74 elementor-section-boxed elementor-section-height-default elementor-section-height-default\" data-id=\"5232a74\" data-element_type=\"section\" data-e-type=\"section\">\n\t\t\t\t\t\t<div class=\"elementor-container elementor-column-gap-default\">\n\t\t\t\t\t<div class=\"elementor-column elementor-col-100 elementor-top-column elementor-element elementor-element-05a9f99 ot-flex-column-vertical\" data-id=\"05a9f99\" data-element_type=\"column\" data-e-type=\"column\">\n\t\t\t<div class=\"elementor-widget-wrap elementor-element-populated\">\n\t\t\t\t\t\t<div class=\"elementor-element elementor-element-40d2544 elementor-widget elementor-widget-spacer\" data-id=\"40d2544\" data-element_type=\"widget\" data-e-type=\"widget\" data-widget_type=\"spacer.default\">\n\t\t\t\t<div class=\"elementor-widget-container\">\n\t\t\t\t\t\t\t<div class=\"elementor-spacer\">\n\t\t\t<div class=\"elementor-spacer-inner\"><\/div>\n\t\t<\/div>\n\t\t\t\t\t\t<\/div>\n\t\t\t\t<\/div>\n\t\t\t\t\t<\/div>\n\t\t<\/div>\n\t\t\t\t\t<\/div>\n\t\t<\/section>\n\t\t\t\t<section class=\"elementor-section elementor-top-section elementor-element elementor-element-24cb053 elementor-section-boxed elementor-section-height-default elementor-section-height-default\" data-id=\"24cb053\" data-element_type=\"section\" data-e-type=\"section\">\n\t\t\t\t\t\t<div class=\"elementor-container elementor-column-gap-default\">\n\t\t\t\t\t<div class=\"elementor-column elementor-col-100 elementor-top-column elementor-element elementor-element-553b2e8 ot-flex-column-vertical\" data-id=\"553b2e8\" data-element_type=\"column\" data-e-type=\"column\">\n\t\t\t<div class=\"elementor-widget-wrap elementor-element-populated\">\n\t\t\t\t\t\t<div class=\"elementor-element elementor-element-622b632 elementor-widget elementor-widget-spacer\" data-id=\"622b632\" data-element_type=\"widget\" data-e-type=\"widget\" data-widget_type=\"spacer.default\">\n\t\t\t\t<div class=\"elementor-widget-container\">\n\t\t\t\t\t\t\t<div class=\"elementor-spacer\">\n\t\t\t<div class=\"elementor-spacer-inner\"><\/div>\n\t\t<\/div>\n\t\t\t\t\t\t<\/div>\n\t\t\t\t<\/div>\n\t\t\t\t\t<\/div>\n\t\t<\/div>\n\t\t\t\t\t<\/div>\n\t\t<\/section>\n\t\t\t\t<section class=\"elementor-section elementor-top-section elementor-element elementor-element-474007e elementor-section-boxed elementor-section-height-default elementor-section-height-default\" data-id=\"474007e\" data-element_type=\"section\" data-e-type=\"section\">\n\t\t\t\t\t\t<div class=\"elementor-container elementor-column-gap-default\">\n\t\t\t\t\t<div class=\"elementor-column elementor-col-100 elementor-top-column elementor-element elementor-element-acd4664 ot-flex-column-vertical\" data-id=\"acd4664\" data-element_type=\"column\" data-e-type=\"column\">\n\t\t\t<div class=\"elementor-widget-wrap elementor-element-populated\">\n\t\t\t\t\t\t<div class=\"elementor-element elementor-element-6ac8d1e elementor-widget elementor-widget-heading\" data-id=\"6ac8d1e\" data-element_type=\"widget\" data-e-type=\"widget\" data-widget_type=\"heading.default\">\n\t\t\t\t<div class=\"elementor-widget-container\">\n\t\t\t\t\t<h2 class=\"elementor-heading-title elementor-size-default\">NILKY LATTE ART 2023!<\/h2>\t\t\t\t<\/div>\n\t\t\t\t<\/div>\n\t\t\t\t\t<\/div>\n\t\t<\/div>\n\t\t\t\t\t<\/div>\n\t\t<\/section>\n\t\t\t\t<section class=\"elementor-section elementor-top-section elementor-element elementor-element-0d8aaa9 elementor-section-boxed elementor-section-height-default elementor-section-height-default\" data-id=\"0d8aaa9\" data-element_type=\"section\" data-e-type=\"section\">\n\t\t\t\t\t\t<div class=\"elementor-container elementor-column-gap-default\">\n\t\t\t\t\t<div class=\"elementor-column elementor-col-100 elementor-top-column elementor-element elementor-element-de2da91 ot-flex-column-vertical\" data-id=\"de2da91\" data-element_type=\"column\" data-e-type=\"column\">\n\t\t\t<div class=\"elementor-widget-wrap elementor-element-populated\">\n\t\t\t\t\t\t<div class=\"elementor-element elementor-element-303b66f elementor-widget elementor-widget-spacer\" data-id=\"303b66f\" data-element_type=\"widget\" data-e-type=\"widget\" data-widget_type=\"spacer.default\">\n\t\t\t\t<div class=\"elementor-widget-container\">\n\t\t\t\t\t\t\t<div class=\"elementor-spacer\">\n\t\t\t<div class=\"elementor-spacer-inner\"><\/div>\n\t\t<\/div>\n\t\t\t\t\t\t<\/div>\n\t\t\t\t<\/div>\n\t\t\t\t\t<\/div>\n\t\t<\/div>\n\t\t\t\t\t<\/div>\n\t\t<\/section>\n\t\t\t\t<section class=\"elementor-section elementor-top-section elementor-element elementor-element-56aed62 elementor-section-boxed elementor-section-height-default elementor-section-height-default\" data-id=\"56aed62\" data-element_type=\"section\" data-e-type=\"section\">\n\t\t\t\t\t\t<div class=\"elementor-container elementor-column-gap-default\">\n\t\t\t\t\t<div class=\"elementor-column elementor-col-100 elementor-top-column elementor-element elementor-element-dd6d0db ot-flex-column-vertical\" data-id=\"dd6d0db\" data-element_type=\"column\" data-e-type=\"column\">\n\t\t\t<div class=\"elementor-widget-wrap elementor-element-populated\">\n\t\t\t\t\t\t<div class=\"elementor-element elementor-element-117a426 elementor-widget elementor-widget-heading\" data-id=\"117a426\" data-element_type=\"widget\" data-e-type=\"widget\" data-widget_type=\"heading.default\">\n\t\t\t\t<div class=\"elementor-widget-container\">\n\t\t\t\t\t<h4 class=\"elementor-heading-title elementor-size-default\">Yar\u0131\u015fma \u015eartlar\u0131<\/h4>\t\t\t\t<\/div>\n\t\t\t\t<\/div>\n\t\t\t\t\t<\/div>\n\t\t<\/div>\n\t\t\t\t\t<\/div>\n\t\t<\/section>\n\t\t\t\t<section class=\"elementor-section elementor-top-section elementor-element elementor-element-3fc3958 elementor-section-boxed elementor-section-height-default elementor-section-height-default\" data-id=\"3fc3958\" data-element_type=\"section\" data-e-type=\"section\">\n\t\t\t\t\t\t<div class=\"elementor-container elementor-column-gap-default\">\n\t\t\t\t\t<div class=\"elementor-column elementor-col-100 elementor-top-column elementor-element elementor-element-c4f4f78 ot-flex-column-vertical\" data-id=\"c4f4f78\" data-element_type=\"column\" data-e-type=\"column\">\n\t\t\t<div class=\"elementor-widget-wrap elementor-element-populated\">\n\t\t\t\t\t\t<div class=\"elementor-element elementor-element-be41a53 elementor-widget elementor-widget-spacer\" data-id=\"be41a53\" data-element_type=\"widget\" data-e-type=\"widget\" data-widget_type=\"spacer.default\">\n\t\t\t\t<div class=\"elementor-widget-container\">\n\t\t\t\t\t\t\t<div class=\"elementor-spacer\">\n\t\t\t<div class=\"elementor-spacer-inner\"><\/div>\n\t\t<\/div>\n\t\t\t\t\t\t<\/div>\n\t\t\t\t<\/div>\n\t\t\t\t\t<\/div>\n\t\t<\/div>\n\t\t\t\t\t<\/div>\n\t\t<\/section>\n\t\t\t\t<section class=\"elementor-section elementor-top-section elementor-element elementor-element-fe708af elementor-section-boxed elementor-section-height-default elementor-section-height-default\" data-id=\"fe708af\" data-element_type=\"section\" data-e-type=\"section\">\n\t\t\t\t\t\t<div class=\"elementor-container elementor-column-gap-default\">\n\t\t\t\t\t<div class=\"elementor-column elementor-col-100 elementor-top-column elementor-element elementor-element-bd96a79 ot-flex-column-vertical\" data-id=\"bd96a79\" data-element_type=\"column\" data-e-type=\"column\">\n\t\t\t<div class=\"elementor-widget-wrap elementor-element-populated\">\n\t\t\t\t\t\t<div class=\"elementor-element elementor-element-cc3587c elementor-widget elementor-widget-text-editor\" data-id=\"cc3587c\" data-element_type=\"widget\" data-e-type=\"widget\" data-widget_type=\"text-editor.default\">\n\t\t\t\t<div class=\"elementor-widget-container\">\n\t\t\t\t\t\t\t\t\t<p><strong>Yer:<\/strong> Arcadium<\/p>\n<p><strong>Tarih:<\/strong> 9 Aral\u0131k 2023 &#8211; 17:00<\/p>\n<p><strong>Kat\u0131l\u0131m \u00dccreti:<\/strong> \u00dccretsiz<\/p>\n<p><strong>Kat\u0131l\u0131mc\u0131 Say\u0131s\u0131:<\/strong> 10 ki\u015fi<\/p>\n<p><strong>Son Ba\u015fvuru:<\/strong> 1 Aral\u0131k 2023 23:59\u2019<\/p>\n<p><b>Yar\u0131\u015fma s\u00fcresi<\/b><\/p>\n<p>5 dk \u00f6n haz\u0131rl\u0131k (Makina kontrol ve ekipman haz\u0131rl\u0131\u011f\u0131), 10 dk yar\u0131\u015fma ve 5 dk temizlik olmak \u00fczere toplam 20 dk\u2019d\u0131r.<\/p>\n<p>Yar\u0131\u015fmay\u0131 zaman\u0131nda bitirmeyen otomatikman diskalifiye olacakt\u0131r.<\/p>\n<p><b>S\u00fct<\/b><\/p>\n<p>Yar\u0131\u015fmada sadece Nilky bitkisel s\u00fct kullan\u0131lacakt\u0131r. Bitkisel s\u00fct tercihi badem ve yulaf olmak \u00fczere yar\u0131\u015fmac\u0131ya kalm\u0131\u015ft\u0131r.<span class=\"Apple-converted-space\">&nbsp;<\/span><\/p>\n<p><b>Ekipman<\/b><\/p>\n<p>Barda gerekli olan t\u00fcm ekipmanlar vard\u0131r ancak yar\u0131\u015fmac\u0131 kendi malzemelerini getirebilir.<\/p>\n<p>Barista \u00f6nl\u00fck takmal\u0131d\u0131r ve \u00f6nl\u00fc\u011f\u00fcn\u00fc kendi sa\u011flamal\u0131d\u0131r.<\/p>\n<p><b>YARI\u015eMA<\/b><\/p>\n<p>Yar\u0131\u015fma iki kategoriden olu\u015facakt\u0131r. Her iki kategoride 50\u2019er puan \u00fczerinden de\u011ferlendirilecektir. Yar\u0131\u015fmac\u0131 istedi\u011fi kategoriden ba\u015flayabilir.<\/p>\n<p><b>1.KATEGOR\u0130: \u00c7EK\u0130L\u0130\u015e<\/b><\/p>\n<p>Bu kategoride yar\u0131\u015fmac\u0131 zaman\u0131 ba\u015flamadan \u00f6nce kura ile bir desen se\u00e7ip, bu deseni ikiside ayn\u0131 olacak \u015fekilde 2 adet olmak \u00fczere j\u00fcriye sunmal\u0131d\u0131r.<\/p>\n<p>Her kriter 10 puan de\u011ferindedir<\/p>\n<p><b>1-KONTRAST: <\/b>Kahve ile obje aras\u0131ndaki net renk farkl\u0131l\u0131\u011f\u0131. Desen ile kahve aras\u0131nda bir ge\u00e7i\u015f olmamal\u0131d\u0131r. <strong>10 puan<\/strong><\/p>\n<p><b>2-BOYUT VE POZ\u0130SYON: <\/b>Desen boyutu &nbsp;fincan\u0131n kenarlar\u0131na de\u011fmeden, her k\u00f6\u015fesi e\u015fit mesafede ve fincan\u0131n ortas\u0131nda do\u011fru pozisyonda olmal\u0131d\u0131r. <strong>10 puan<\/strong><\/p>\n<p><b>3-S\u0130METR\u0130: <\/b>Desen, simetrik olmal\u0131d\u0131r. <strong>10 puan<\/strong><\/p>\n<p><b>4-K\u00d6P\u00dcK KAL\u0130TES\u0130:<\/b><span style=\"font-weight: 400;\"> Mikro k\u00f6p\u00fck kalitesi, balonsuz ve parlak olmal\u0131d\u0131r. <strong>10 puan<\/strong><\/span><\/p>\n<p><b>5-TANINAB\u0130L\u0130RL\u0130K: <\/b><span style=\"font-weight: 400;\">Desen, t\u00fcm hakemler taraf\u0131ndan ilk g\u00f6r\u00fcld\u00fc\u011f\u00fcnde hemen tan\u0131nabilir olmal\u0131d\u0131r. <strong>10 puan<\/strong><\/span><\/p>\n<p><b>2.KATEGOR\u0130: SERBEST D\u00d6K\u00dc\u015e<\/b><\/p>\n<p>Bu kategoride barista, kendi yarat\u0131c\u0131l\u0131\u011fa g\u00f6re belirledi\u011fi deseni ikiside ayn\u0131 olacak \u015fekilde 2 adet olmak \u00fczere j\u00fcriye sunmal\u0131d\u0131r.<\/p>\n<p>1\u2019de 5\u2019e kadar olan kriterler 7 puan, 6. kriter ise 15 puand\u0131r.<\/p>\n<p><b>1-KONTRAST: <\/b><span style=\"font-weight: 400;\">Kahve ile obje aras\u0131ndaki net renk farkl\u0131l\u0131\u011f\u0131. Art ile kahve aras\u0131nda bir ge\u00e7i\u015f olmamal\u0131d\u0131r. <strong>7 puan<\/strong><\/span><\/p>\n<p><b>2-BOYUT VE POZ\u0130SYON: <\/b><span style=\"font-weight: 400;\">Objenin boyutu fincan\u0131n kenarlar\u0131na de\u011fmeden, her k\u00f6\u015fesi e\u015fit mesafede ve fincan\u0131n ortas\u0131nda do\u011fru pozisyonda olmal\u0131d\u0131r. <strong>7 puan<\/strong><\/span><\/p>\n<p><b>3-S\u0130METR\u0130: <\/b>Obje, simetrik olmal\u0131d\u0131r. <strong>7 puan<\/strong><\/p>\n<p><b>4-K\u00d6P\u00dcK KAL\u0130TES\u0130:<\/b><span style=\"font-weight: 400;\"> Mikro k\u00f6p\u00fck kalitesi, balonsuz ve parlak olmal\u0131d\u0131r. <strong>7 puan<\/strong><\/span><\/p>\n<p><b>5-TANINAB\u0130L\u0130RL\u0130K: <\/b><span style=\"font-weight: 400;\">Obje, t\u00fcm hakemler taraf\u0131ndan ilk g\u00f6r\u00fcld\u00fc\u011f\u00fcnde hemen tan\u0131nabilir olmal\u0131d\u0131r. <strong>7 puan<\/strong><\/span><\/p>\n<p><b>6-YARATICILIK: <\/b><span style=\"font-weight: 400;\">Desenin yarat\u0131c\u0131l\u0131\u011f\u0131na j\u00fcri taraf\u0131ndan puan verilir. 15<strong>&nbsp;puan<\/strong><\/span><\/p>\t\t\t\t\t\t\t\t<\/div>\n\t\t\t\t<\/div>\n\t\t\t\t\t<\/div>\n\t\t<\/div>\n\t\t\t\t\t<\/div>\n\t\t<\/section>\n\t\t\t\t<section class=\"elementor-section elementor-top-section elementor-element elementor-element-e9e28b3 elementor-section-boxed elementor-section-height-default elementor-section-height-default\" data-id=\"e9e28b3\" data-element_type=\"section\" data-e-type=\"section\">\n\t\t\t\t\t\t<div class=\"elementor-container elementor-column-gap-default\">\n\t\t\t\t\t<div class=\"elementor-column elementor-col-100 elementor-top-column elementor-element elementor-element-137e44c ot-flex-column-vertical\" data-id=\"137e44c\" data-element_type=\"column\" data-e-type=\"column\">\n\t\t\t<div class=\"elementor-widget-wrap elementor-element-populated\">\n\t\t\t\t\t\t<div class=\"elementor-element elementor-element-f0614df elementor-widget elementor-widget-spacer\" data-id=\"f0614df\" data-element_type=\"widget\" data-e-type=\"widget\" data-widget_type=\"spacer.default\">\n\t\t\t\t<div class=\"elementor-widget-container\">\n\t\t\t\t\t\t\t<div class=\"elementor-spacer\">\n\t\t\t<div class=\"elementor-spacer-inner\"><\/div>\n\t\t<\/div>\n\t\t\t\t\t\t<\/div>\n\t\t\t\t<\/div>\n\t\t\t\t\t<\/div>\n\t\t<\/div>\n\t\t\t\t\t<\/div>\n\t\t<\/section>\n\t\t\t\t<section class=\"elementor-section elementor-top-section elementor-element elementor-element-b84e235 elementor-section-boxed elementor-section-height-default elementor-section-height-default\" data-id=\"b84e235\" data-element_type=\"section\" data-e-type=\"section\">\n\t\t\t\t\t\t<div class=\"elementor-container elementor-column-gap-default\">\n\t\t\t\t\t<div class=\"elementor-column elementor-col-100 elementor-top-column elementor-element elementor-element-4e2bc9a ot-flex-column-vertical\" data-id=\"4e2bc9a\" data-element_type=\"column\" data-e-type=\"column\">\n\t\t\t<div class=\"elementor-widget-wrap elementor-element-populated\">\n\t\t\t\t\t\t<div class=\"elementor-element elementor-element-3cce68b elementor-widget elementor-widget-heading\" data-id=\"3cce68b\" data-element_type=\"widget\" data-e-type=\"widget\" data-widget_type=\"heading.default\">\n\t\t\t\t<div class=\"elementor-widget-container\">\n\t\t\t\t\t<h3 class=\"elementor-heading-title elementor-size-default\">Ba\u015fvuru Formu<\/h3>\t\t\t\t<\/div>\n\t\t\t\t<\/div>\n\t\t\t\t\t<\/div>\n\t\t<\/div>\n\t\t\t\t\t<\/div>\n\t\t<\/section>\n\t\t\t\t<section class=\"elementor-section elementor-top-section elementor-element elementor-element-a1b60cd elementor-section-boxed elementor-section-height-default elementor-section-height-default\" data-id=\"a1b60cd\" data-element_type=\"section\" data-e-type=\"section\">\n\t\t\t\t\t\t<div class=\"elementor-container elementor-column-gap-default\">\n\t\t\t\t\t<div class=\"elementor-column elementor-col-100 elementor-top-column elementor-element elementor-element-668c955 ot-flex-column-vertical\" data-id=\"668c955\" data-element_type=\"column\" data-e-type=\"column\">\n\t\t\t<div class=\"elementor-widget-wrap elementor-element-populated\">\n\t\t\t\t\t\t<div class=\"elementor-element elementor-element-6054f33 elementor-widget elementor-widget-spacer\" data-id=\"6054f33\" data-element_type=\"widget\" data-e-type=\"widget\" data-widget_type=\"spacer.default\">\n\t\t\t\t<div class=\"elementor-widget-container\">\n\t\t\t\t\t\t\t<div class=\"elementor-spacer\">\n\t\t\t<div class=\"elementor-spacer-inner\"><\/div>\n\t\t<\/div>\n\t\t\t\t\t\t<\/div>\n\t\t\t\t<\/div>\n\t\t\t\t\t<\/div>\n\t\t<\/div>\n\t\t\t\t\t<\/div>\n\t\t<\/section>\n\t\t\t\t<section class=\"elementor-section elementor-top-section elementor-element elementor-element-0d00a3b elementor-section-boxed elementor-section-height-default elementor-section-height-default\" data-id=\"0d00a3b\" data-element_type=\"section\" data-e-type=\"section\">\n\t\t\t\t\t\t<div class=\"elementor-container elementor-column-gap-default\">\n\t\t\t\t\t<div class=\"elementor-column elementor-col-100 elementor-top-column elementor-element elementor-element-072ae85 ot-flex-column-vertical\" data-id=\"072ae85\" data-element_type=\"column\" data-e-type=\"column\">\n\t\t\t<div class=\"elementor-widget-wrap elementor-element-populated\">\n\t\t\t\t\t\t<div class=\"elementor-element elementor-element-76bc8ab elementor-widget elementor-widget-text-editor\" data-id=\"76bc8ab\" data-element_type=\"widget\" data-e-type=\"widget\" data-widget_type=\"text-editor.default\">\n\t\t\t\t<div class=\"elementor-widget-container\">\n\t\t\t\t\t\t\t\t\t\n<div class=\"wpcf7 no-js\" id=\"wpcf7-f7-o1\" lang=\"tr-TR\" dir=\"ltr\" data-wpcf7-id=\"7\">\n<div class=\"screen-reader-response\"><p role=\"status\" aria-live=\"polite\" aria-atomic=\"true\"><\/p> <ul><\/ul><\/div>\n<form action=\"\/index.php?rest_route=%2Fwp%2Fv2%2Fpages%2F4858#wpcf7-f7-o1\" method=\"post\" class=\"wpcf7-form init\" aria-label=\"\u0130leti\u015fim Formu\" novalidate=\"novalidate\" data-status=\"init\">\n<fieldset class=\"hidden-fields-container\"><input type=\"hidden\" name=\"_wpcf7\" value=\"7\" \/><input type=\"hidden\" name=\"_wpcf7_version\" value=\"6.1.5\" \/><input type=\"hidden\" name=\"_wpcf7_locale\" value=\"tr_TR\" \/><input type=\"hidden\" name=\"_wpcf7_unit_tag\" value=\"wpcf7-f7-o1\" \/><input type=\"hidden\" name=\"_wpcf7_container_post\" value=\"0\" \/><input type=\"hidden\" name=\"_wpcf7_posted_data_hash\" value=\"\" \/>\n<\/fieldset>\n<p><label> Ad &#8211; Soyad<br \/>\n<span class=\"wpcf7-form-control-wrap\" data-name=\"Ad-Soyad\"><input size=\"40\" maxlength=\"400\" class=\"wpcf7-form-control wpcf7-text wpcf7-validates-as-required\" autocomplete=\"ad-soyad\" aria-required=\"true\" aria-invalid=\"false\" value=\"\" type=\"text\" name=\"Ad-Soyad\" \/><\/span> <\/label>\n<\/p>\n<p><label> E-posta adresiniz<br \/>\n<span class=\"wpcf7-form-control-wrap\" data-name=\"your-email\"><input size=\"40\" maxlength=\"400\" class=\"wpcf7-form-control wpcf7-email wpcf7-validates-as-required wpcf7-text wpcf7-validates-as-email\" autocomplete=\"email\" aria-required=\"true\" aria-invalid=\"false\" value=\"\" type=\"email\" name=\"your-email\" \/><\/span> <\/label>\n<\/p>\n<p><label> Telefon<br \/>\n<span class=\"wpcf7-form-control-wrap\" data-name=\"tel-437\"><input size=\"40\" maxlength=\"400\" class=\"wpcf7-form-control wpcf7-tel wpcf7-validates-as-required wpcf7-text wpcf7-validates-as-tel\" aria-required=\"true\" aria-invalid=\"false\" value=\"\" type=\"tel\" name=\"tel-437\" \/><\/span><br \/>\n<\/label><label> K\u0131sa \u00d6zge\u00e7mi\u015f<br \/>\n<span class=\"wpcf7-form-control-wrap\" data-name=\"text-627\"><input size=\"40\" maxlength=\"400\" class=\"wpcf7-form-control wpcf7-text wpcf7-validates-as-required\" aria-required=\"true\" aria-invalid=\"false\" value=\"\" type=\"text\" name=\"text-627\" \/><\/span><br \/>\n<input class=\"wpcf7-form-control wpcf7-submit has-spinner\" type=\"submit\" value=\"G\u00f6nder\" \/><\/label>\n<\/p><div class=\"wpcf7-response-output\" aria-hidden=\"true\"><\/div>\n<\/form>\n<\/div>\n\t\t\t\t\t\t\t\t<\/div>\n\t\t\t\t<\/div>\n\t\t\t\t\t<\/div>\n\t\t<\/div>\n\t\t\t\t\t<\/div>\n\t\t<\/section>\n\t\t\t\t<section class=\"elementor-section elementor-top-section elementor-element elementor-element-cd405aa elementor-section-boxed elementor-section-height-default elementor-section-height-default\" data-id=\"cd405aa\" data-element_type=\"section\" data-e-type=\"section\">\n\t\t\t\t\t\t<div class=\"elementor-container elementor-column-gap-default\">\n\t\t\t\t\t<div class=\"elementor-column elementor-col-100 elementor-top-column elementor-element elementor-element-e541edb ot-flex-column-vertical\" data-id=\"e541edb\" data-element_type=\"column\" data-e-type=\"column\">\n\t\t\t<div class=\"elementor-widget-wrap elementor-element-populated\">\n\t\t\t\t\t\t<div class=\"elementor-element elementor-element-7f805d3 elementor-widget elementor-widget-spacer\" data-id=\"7f805d3\" data-element_type=\"widget\" data-e-type=\"widget\" data-widget_type=\"spacer.default\">\n\t\t\t\t<div class=\"elementor-widget-container\">\n\t\t\t\t\t\t\t<div class=\"elementor-spacer\">\n\t\t\t<div class=\"elementor-spacer-inner\"><\/div>\n\t\t<\/div>\n\t\t\t\t\t\t<\/div>\n\t\t\t\t<\/div>\n\t\t\t\t\t<\/div>\n\t\t<\/div>\n\t\t\t\t\t<\/div>\n\t\t<\/section>\n\t\t\t\t<\/div>\n\t\t","protected":false},"excerpt":{"rendered":"<p>NILKY LATTE ART 2023! Yar\u0131\u015fma \u015eartlar\u0131 Yer: Arcadium Tarih: 9 Aral\u0131k 2023 &#8211; 17:00 Kat\u0131l\u0131m \u00dccreti: \u00dccretsiz Kat\u0131l\u0131mc\u0131 Say\u0131s\u0131: 10 ki\u015fi Son Ba\u015fvuru: 1 Aral\u0131k 2023 23:59\u2019 Yar\u0131\u015fma s\u00fcresi 5 dk \u00f6n haz\u0131rl\u0131k (Makina kontrol ve ekipman haz\u0131rl\u0131\u011f\u0131), 10 dk yar\u0131\u015fma ve 5 dk temizlik olmak \u00fczere toplam 20 dk\u2019d\u0131r. Yar\u0131\u015fmay\u0131 zaman\u0131nda bitirmeyen otomatikman diskalifiye [&hellip;]<\/p>\n","protected":false},"author":1,"featured_media":0,"parent":0,"menu_order":0,"comment_status":"closed","ping_status":"closed","template":"","meta":{"footnotes":""},"class_list":["post-4858","page","type-page","status-publish","hentry"],"_links":{"self":[{"href":"https:\/\/ankaramahallekahvecileri.com\/index.php?rest_route=\/wp\/v2\/pages\/4858","targetHints":{"allow":["GET"]}}],"collection":[{"href":"https:\/\/ankaramahallekahvecileri.com\/index.php?rest_route=\/wp\/v2\/pages"}],"about":[{"href":"https:\/\/ankaramahallekahvecileri.com\/index.php?rest_route=\/wp\/v2\/types\/page"}],"author":[{"embeddable":true,"href":"https:\/\/ankaramahallekahvecileri.com\/index.php?rest_route=\/wp\/v2\/users\/1"}],"replies":[{"embeddable":true,"href":"https:\/\/ankaramahallekahvecileri.com\/index.php?rest_route=%2Fwp%2Fv2%2Fcomments&post=4858"}],"version-history":[{"count":39,"href":"https:\/\/ankaramahallekahvecileri.com\/index.php?rest_route=\/wp\/v2\/pages\/4858\/revisions"}],"predecessor-version":[{"id":5060,"href":"https:\/\/ankaramahallekahvecileri.com\/index.php?rest_route=\/wp\/v2\/pages\/4858\/revisions\/5060"}],"wp:attachment":[{"href":"https:\/\/ankaramahallekahvecileri.com\/index.php?rest_route=%2Fwp%2Fv2%2Fmedia&parent=4858"}],"curies":[{"name":"wp","href":"https:\/\/api.w.org\/{rel}","templated":true}]}}