{"id":1958,"date":"2020-05-07T08:35:38","date_gmt":"2020-05-07T08:35:38","guid":{"rendered":"http:\/\/localhost\/theratio\/?page_id=1958"},"modified":"2023-11-17T20:29:28","modified_gmt":"2023-11-17T17:29:28","slug":"about-us","status":"publish","type":"page","link":"https:\/\/ankaramahallekahvecileri.com\/?page_id=1958","title":{"rendered":"Hakk\u0131m\u0131zda"},"content":{"rendered":"\t\t<div data-elementor-type=\"wp-page\" data-elementor-id=\"1958\" class=\"elementor elementor-1958\">\n\t\t\t\t\t\t<section class=\"elementor-section elementor-top-section elementor-element elementor-element-8c76e1e elementor-section-boxed elementor-section-height-default elementor-section-height-default\" data-id=\"8c76e1e\" data-element_type=\"section\" data-e-type=\"section\">\n\t\t\t\t\t\t<div class=\"elementor-container elementor-column-gap-default\">\n\t\t\t\t\t<div class=\"elementor-column elementor-col-100 elementor-top-column elementor-element elementor-element-dbdac76 ot-flex-column-vertical\" data-id=\"dbdac76\" data-element_type=\"column\" data-e-type=\"column\">\n\t\t\t<div class=\"elementor-widget-wrap elementor-element-populated\">\n\t\t\t\t\t\t<div class=\"elementor-element elementor-element-8f07928 elementor-widget elementor-widget-spacer\" data-id=\"8f07928\" data-element_type=\"widget\" data-e-type=\"widget\" data-widget_type=\"spacer.default\">\n\t\t\t\t<div class=\"elementor-widget-container\">\n\t\t\t\t\t\t\t<div class=\"elementor-spacer\">\n\t\t\t<div class=\"elementor-spacer-inner\"><\/div>\n\t\t<\/div>\n\t\t\t\t\t\t<\/div>\n\t\t\t\t<\/div>\n\t\t\t\t\t<\/div>\n\t\t<\/div>\n\t\t\t\t\t<\/div>\n\t\t<\/section>\n\t\t\t\t<section class=\"elementor-section elementor-top-section elementor-element elementor-element-bdd9939 elementor-section-content-middle elementor-section-boxed elementor-section-height-default elementor-section-height-default\" data-id=\"bdd9939\" data-element_type=\"section\" data-e-type=\"section\">\n\t\t\t\t\t\t<div class=\"elementor-container elementor-column-gap-extended\">\n\t\t\t\t\t<div class=\"elementor-column elementor-col-50 elementor-top-column elementor-element elementor-element-12b070d ot-flex-column-vertical\" data-id=\"12b070d\" data-element_type=\"column\" data-e-type=\"column\">\n\t\t\t<div class=\"elementor-widget-wrap elementor-element-populated\">\n\t\t\t\t\t\t<div class=\"elementor-element elementor-element-ea70568 elementor-widget elementor-widget-image\" data-id=\"ea70568\" data-element_type=\"widget\" data-e-type=\"widget\" data-widget_type=\"image.default\">\n\t\t\t\t<div class=\"elementor-widget-container\">\n\t\t\t\t\t\t\t\t\t\t\t\t\t\t\t<img fetchpriority=\"high\" decoding=\"async\" width=\"1080\" height=\"1080\" src=\"https:\/\/ankaramahallekahvecileri.com\/wp-content\/uploads\/2023\/04\/gri-3.png\" class=\"attachment-full size-full wp-image-4824\" alt=\"\" srcset=\"https:\/\/ankaramahallekahvecileri.com\/wp-content\/uploads\/2023\/04\/gri-3.png 1080w, https:\/\/ankaramahallekahvecileri.com\/wp-content\/uploads\/2023\/04\/gri-3-300x300.png 300w, https:\/\/ankaramahallekahvecileri.com\/wp-content\/uploads\/2023\/04\/gri-3-1024x1024.png 1024w, https:\/\/ankaramahallekahvecileri.com\/wp-content\/uploads\/2023\/04\/gri-3-150x150.png 150w, https:\/\/ankaramahallekahvecileri.com\/wp-content\/uploads\/2023\/04\/gri-3-768x768.png 768w, https:\/\/ankaramahallekahvecileri.com\/wp-content\/uploads\/2023\/04\/gri-3-720x720.png 720w\" sizes=\"(max-width: 1080px) 100vw, 1080px\" \/>\t\t\t\t\t\t\t\t\t\t\t\t\t\t\t<\/div>\n\t\t\t\t<\/div>\n\t\t\t\t\t<\/div>\n\t\t<\/div>\n\t\t\t\t<div class=\"elementor-column elementor-col-50 elementor-top-column elementor-element elementor-element-c955026 ot-flex-column-vertical\" data-id=\"c955026\" data-element_type=\"column\" data-e-type=\"column\">\n\t\t\t<div class=\"elementor-widget-wrap elementor-element-populated\">\n\t\t\t\t\t\t<div class=\"elementor-element elementor-element-94474d6 elementor-widget elementor-widget-iheading\" data-id=\"94474d6\" data-element_type=\"widget\" data-e-type=\"widget\" data-widget_type=\"iheading.default\">\n\t\t\t\t<div class=\"elementor-widget-container\">\n\t\t\t\t\t\t\t<div class=\"ot-heading is-dots\">\r\n\t        \t            <span>[ ankara mahalle kahvecileri ]<\/span>\r\n\t        \t        <h2 class=\"main-heading\">B\u0130' FARK YARAT!<\/h2>\r\n\t        \t    <\/div>\r\n\t    \t\t\t\t<\/div>\n\t\t\t\t<\/div>\n\t\t\t\t<div class=\"elementor-element elementor-element-4408703 elementor-widget elementor-widget-text-editor\" data-id=\"4408703\" data-element_type=\"widget\" data-e-type=\"widget\" data-widget_type=\"text-editor.default\">\n\t\t\t\t<div class=\"elementor-widget-container\">\n\t\t\t\t\t\t\t\t\t<p>Mahalle kahvecileri, en ba\u015fta bu i\u015fi keyifle yapan,\u00a0<span style=\"color: var( --e-global-color-text ); font-weight: var( --e-global-typography-text-font-weight );\">dolay\u0131s\u0131yla sundu\u011fu her bir bardak kahveyi a\u015fkla sunan\u00a0<\/span><span style=\"color: var( --e-global-color-text ); font-weight: var( --e-global-typography-text-font-weight );\">ki\u015filerdir. Soka\u011fa \u00e7\u0131kt\u0131\u011f\u0131nda, k\u00f6\u015fede espresso makinas\u0131n\u0131\u00a0<\/span><span style=\"color: var( --e-global-color-text ); font-weight: var( --e-global-typography-text-font-weight );\">\u00e7al\u0131\u015ft\u0131r\u0131p, taptaze filtre kahveni demleyip,\u00a0<\/span><span style=\"color: var( --e-global-color-text ); font-weight: var( --e-global-typography-text-font-weight );\">seni bekleyen kahve severlerdir. Her bir mahalle kahvecisinin\u00a0<\/span><span style=\"color: var( --e-global-color-text ); font-weight: var( --e-global-typography-text-font-weight );\">birbirinden farkl\u0131 tasar\u0131m dokusunu, kahve lezzetini,\u00a0<\/span><span style=\"color: var( --e-global-color-text ); font-weight: var( --e-global-typography-text-font-weight );\">sohbetini, m\u00fczi\u011fini ve ruhunu ancak onlar\u0131 gezerek\u00a0<\/span><span style=\"color: var( --e-global-color-text ); font-weight: var( --e-global-typography-text-font-weight );\">deneyimleyebilirsin. Seni her gitti\u011fin mahalle kahvecisinde\u00a0<\/span><span style=\"color: var( --e-global-color-text ); font-weight: var( --e-global-typography-text-font-weight );\">bekleyen yeni lezzetler heyecanland\u0131rm\u0131yor mu?<\/span><\/p><p>Belki yeni denenmi\u015f el yap\u0131m\u0131 bir tatl\u0131 veya yeni hasat\u00a0<span style=\"color: var( --e-global-color-text ); font-weight: var( --e-global-typography-text-font-weight );\">mevsiminde toplanm\u0131\u015f taptaze \u00e7ekirdekler\u2026\u00a0<\/span><\/p><p><span style=\"color: var( --e-global-color-text ); font-weight: var( --e-global-typography-text-font-weight );\">Mahalle kahvecileri,<\/span><span style=\"color: var( --e-global-color-text ); font-weight: var( --e-global-typography-text-font-weight );\">butik ve artisand\u0131r.\u00a0 Yani her daim taze, lezzetli ve\u00a0<\/span><span style=\"color: var( --e-global-color-text ); font-weight: var( --e-global-typography-text-font-weight );\">ger\u00e7ekten pop\u00fcler olan, onlard\u0131r. End\u00fcstriyel her \u015feyden\u00a0<\/span><span style=\"color: var( --e-global-color-text ); font-weight: var( --e-global-typography-text-font-weight );\">ka\u00e7maya \u00e7al\u0131\u015ft\u0131\u011f\u0131m\u0131z bu y\u0131llarda bir fark yarat! Sen ger\u00e7ekten\u00a0<\/span><span style=\"color: var( --e-global-color-text ); font-weight: var( --e-global-typography-text-font-weight );\">\u00f6zel olmak yerine s\u0131radan olmay\u0131 istemezsin\u00a0<\/span><span style=\"color: var( --e-global-color-text ); font-weight: var( --e-global-typography-text-font-weight );\">de\u011fil mi? O zaman s\u0131radan olmay\u0131 b\u0131rak, mahalle\u00a0<\/span><span style=\"color: var( --e-global-color-text ); font-weight: var( --e-global-typography-text-font-weight );\">kahvecinin tad\u0131n\u0131 \u00e7\u0131kar.<\/span><\/p><p><span style=\"color: var( --e-global-color-text ); font-weight: var( --e-global-typography-text-font-weight );\">Yar\u0131n evden\u00a0<\/span><span style=\"color: var( --e-global-color-text ); font-weight: var( --e-global-typography-text-font-weight );\">\u00e7\u0131karken ba\u015flamaya ne dersin?<\/span><\/p>\t\t\t\t\t\t\t\t<\/div>\n\t\t\t\t<\/div>\n\t\t\t\t<div class=\"elementor-element elementor-element-f73b984 elementor-widget elementor-widget-ibutton\" data-id=\"f73b984\" data-element_type=\"widget\" data-e-type=\"widget\" data-widget_type=\"ibutton.default\">\n\t\t\t\t<div class=\"elementor-widget-container\">\n\t\t\t\t\t\t\t<div class=\"ot-button\">\r\n\t\t\t<a href=\"http:\/\/wpdemo.archiwp.com\/theratio\/portfolio-grid\/\" class=\"octf-btn octf-btn-light\"><\/a>\r\n\t    <\/div>\r\n\t    \t\t\t\t<\/div>\n\t\t\t\t<\/div>\n\t\t\t\t\t<\/div>\n\t\t<\/div>\n\t\t\t\t\t<\/div>\n\t\t<\/section>\n\t\t\t\t<section class=\"elementor-section elementor-top-section elementor-element elementor-element-a885e6e elementor-section-boxed elementor-section-height-default elementor-section-height-default\" data-id=\"a885e6e\" data-element_type=\"section\" data-e-type=\"section\" data-settings=\"{&quot;background_background&quot;:&quot;classic&quot;}\">\n\t\t\t\t\t\t<div class=\"elementor-container elementor-column-gap-default\">\n\t\t\t\t\t<div class=\"elementor-column elementor-col-100 elementor-top-column elementor-element elementor-element-80dda1e ot-flex-column-vertical\" data-id=\"80dda1e\" data-element_type=\"column\" data-e-type=\"column\">\n\t\t\t<div class=\"elementor-widget-wrap elementor-element-populated\">\n\t\t\t\t\t\t<div class=\"elementor-element elementor-element-04ddae5 theratio-align-center elementor-widget elementor-widget-iheading\" data-id=\"04ddae5\" data-element_type=\"widget\" data-e-type=\"widget\" data-widget_type=\"iheading.default\">\n\t\t\t\t<div class=\"elementor-widget-container\">\n\t\t\t\t\t\t\t<div class=\"ot-heading is-dots\">\r\n\t        \t            <span>[ ANKARA MAHALLE KAHVEC\u0130LER\u0130 ]<\/span>\r\n\t        \t        <h2 class=\"main-heading\">#suportlocal<\/h2>\r\n\t        \t    <\/div>\r\n\t    \t\t\t\t<\/div>\n\t\t\t\t<\/div>\n\t\t\t\t<section class=\"elementor-section elementor-inner-section elementor-element elementor-element-b820fc7 elementor-section-full_width elementor-section-height-default elementor-section-height-default\" data-id=\"b820fc7\" data-element_type=\"section\" data-e-type=\"section\">\n\t\t\t\t\t\t<div class=\"elementor-container elementor-column-gap-extended\">\n\t\t\t\t\t<div class=\"elementor-column elementor-col-33 elementor-inner-column elementor-element elementor-element-33a2c31 ot-flex-column-vertical\" data-id=\"33a2c31\" data-element_type=\"column\" data-e-type=\"column\">\n\t\t\t<div class=\"elementor-widget-wrap elementor-element-populated\">\n\t\t\t\t\t\t<div class=\"elementor-element elementor-element-43416c5 elementor-widget elementor-widget-iflip_box\" data-id=\"43416c5\" data-element_type=\"widget\" data-e-type=\"widget\" data-widget_type=\"iflip_box.default\">\n\t\t\t\t<div class=\"elementor-widget-container\">\n\t\t\t\t\t\r\n\t\t<div class=\"support-box\">\r\n\t\t\t<div class=\"inner-box\">\r\n\t\t\t\t<div class=\"overlay flex-middle\">\r\n\t\t\t\t\t<div class=\"inner\">\r\n\t\t\t\t\t\t<p><\/p>\r\n\t\t\t\t\t<\/div>\r\n\t\t\t\t<\/div>\r\n\t\t\t\t<div class=\"content-box\">\r\n\t\t\t\t\t<div class=\"icon-title\">\r\n\t\t\t\t        \t\t\t\t        \t<i aria-hidden=\"true\" class=\"fas fa-star\"><\/i>\t\t\t\t        \t\t\t\t        \t\t\t\t        <h5>Mahalle Kahvecileri Yerel ve Sizdendir<\/h5>\r\n\t\t\t        <\/div>\r\n\t\t\t\t\t<img decoding=\"async\" width=\"869\" height=\"640\" src=\"https:\/\/ankaramahallekahvecileri.com\/wp-content\/uploads\/2020\/06\/bg2-home3-2.jpg\" class=\"attachment-full size-full wp-image-3682\" alt=\"\" srcset=\"https:\/\/ankaramahallekahvecileri.com\/wp-content\/uploads\/2020\/06\/bg2-home3-2.jpg 869w, https:\/\/ankaramahallekahvecileri.com\/wp-content\/uploads\/2020\/06\/bg2-home3-2-300x221.jpg 300w, https:\/\/ankaramahallekahvecileri.com\/wp-content\/uploads\/2020\/06\/bg2-home3-2-768x566.jpg 768w\" sizes=\"(max-width: 869px) 100vw, 869px\" \/>\t\t\t\t<\/div>\r\n\t\t\t<\/div>\r\n\t    <\/div>\r\n\r\n\t    \t\t\t\t<\/div>\n\t\t\t\t<\/div>\n\t\t\t\t\t<\/div>\n\t\t<\/div>\n\t\t\t\t<div class=\"elementor-column elementor-col-33 elementor-inner-column elementor-element elementor-element-d8acae6 ot-flex-column-vertical\" data-id=\"d8acae6\" data-element_type=\"column\" data-e-type=\"column\">\n\t\t\t<div class=\"elementor-widget-wrap elementor-element-populated\">\n\t\t\t\t\t\t<div class=\"elementor-element elementor-element-670ad0b elementor-widget elementor-widget-iflip_box\" data-id=\"670ad0b\" data-element_type=\"widget\" data-e-type=\"widget\" data-widget_type=\"iflip_box.default\">\n\t\t\t\t<div class=\"elementor-widget-container\">\n\t\t\t\t\t\r\n\t\t<div class=\"support-box\">\r\n\t\t\t<div class=\"inner-box\">\r\n\t\t\t\t<div class=\"overlay flex-middle\">\r\n\t\t\t\t\t<div class=\"inner\">\r\n\t\t\t\t\t\t<p><\/p>\r\n\t\t\t\t\t<\/div>\r\n\t\t\t\t<\/div>\r\n\t\t\t\t<div class=\"content-box\">\r\n\t\t\t\t\t<div class=\"icon-title\">\r\n\t\t\t\t        \t\t\t\t        \t<i aria-hidden=\"true\" class=\"fas fa-star\"><\/i>\t\t\t\t        \t\t\t\t        \t\t\t\t        <h5>MAHALLE KAHVEC\u0130LER\u0130 BUT\u0130K VE ART\u0130SANDIR<\/h5>\r\n\t\t\t        <\/div>\r\n\t\t\t\t\t<img decoding=\"async\" width=\"869\" height=\"640\" src=\"https:\/\/ankaramahallekahvecileri.com\/wp-content\/uploads\/2020\/06\/bg2-home3-2.jpg\" class=\"attachment-full size-full wp-image-3682\" alt=\"\" srcset=\"https:\/\/ankaramahallekahvecileri.com\/wp-content\/uploads\/2020\/06\/bg2-home3-2.jpg 869w, https:\/\/ankaramahallekahvecileri.com\/wp-content\/uploads\/2020\/06\/bg2-home3-2-300x221.jpg 300w, https:\/\/ankaramahallekahvecileri.com\/wp-content\/uploads\/2020\/06\/bg2-home3-2-768x566.jpg 768w\" sizes=\"(max-width: 869px) 100vw, 869px\" \/>\t\t\t\t<\/div>\r\n\t\t\t<\/div>\r\n\t    <\/div>\r\n\r\n\t    \t\t\t\t<\/div>\n\t\t\t\t<\/div>\n\t\t\t\t\t<\/div>\n\t\t<\/div>\n\t\t\t\t<div class=\"elementor-column elementor-col-33 elementor-inner-column elementor-element elementor-element-58b2164 ot-flex-column-vertical\" data-id=\"58b2164\" data-element_type=\"column\" data-e-type=\"column\">\n\t\t\t<div class=\"elementor-widget-wrap elementor-element-populated\">\n\t\t\t\t\t\t<div class=\"elementor-element elementor-element-bb36af6 elementor-widget elementor-widget-iflip_box\" data-id=\"bb36af6\" data-element_type=\"widget\" data-e-type=\"widget\" data-widget_type=\"iflip_box.default\">\n\t\t\t\t<div class=\"elementor-widget-container\">\n\t\t\t\t\t\r\n\t\t<div class=\"support-box\">\r\n\t\t\t<div class=\"inner-box\">\r\n\t\t\t\t<div class=\"overlay flex-middle\">\r\n\t\t\t\t\t<div class=\"inner\">\r\n\t\t\t\t\t\t<p><\/p>\r\n\t\t\t\t\t<\/div>\r\n\t\t\t\t<\/div>\r\n\t\t\t\t<div class=\"content-box\">\r\n\t\t\t\t\t<div class=\"icon-title\">\r\n\t\t\t\t        \t\t\t\t        \t<i aria-hidden=\"true\" class=\"fas fa-star\"><\/i>\t\t\t\t        \t\t\t\t        \t\t\t\t        <h5>MAHALLE KAHVEC\u0130LER\u0130 SICAK VE SAM\u0130M\u0130D\u0130R<\/h5>\r\n\t\t\t        <\/div>\r\n\t\t\t\t\t<img decoding=\"async\" width=\"869\" height=\"640\" src=\"https:\/\/ankaramahallekahvecileri.com\/wp-content\/uploads\/2020\/06\/bg2-home3-2.jpg\" class=\"attachment-full size-full wp-image-3682\" alt=\"\" srcset=\"https:\/\/ankaramahallekahvecileri.com\/wp-content\/uploads\/2020\/06\/bg2-home3-2.jpg 869w, https:\/\/ankaramahallekahvecileri.com\/wp-content\/uploads\/2020\/06\/bg2-home3-2-300x221.jpg 300w, https:\/\/ankaramahallekahvecileri.com\/wp-content\/uploads\/2020\/06\/bg2-home3-2-768x566.jpg 768w\" sizes=\"(max-width: 869px) 100vw, 869px\" \/>\t\t\t\t<\/div>\r\n\t\t\t<\/div>\r\n\t    <\/div>\r\n\r\n\t    \t\t\t\t<\/div>\n\t\t\t\t<\/div>\n\t\t\t\t\t<\/div>\n\t\t<\/div>\n\t\t\t\t\t<\/div>\n\t\t<\/section>\n\t\t\t\t\t<\/div>\n\t\t<\/div>\n\t\t\t\t\t<\/div>\n\t\t<\/section>\n\t\t\t\t<section class=\"elementor-section elementor-top-section elementor-element elementor-element-4e0148d elementor-section-boxed elementor-section-height-default elementor-section-height-default\" data-id=\"4e0148d\" data-element_type=\"section\" data-e-type=\"section\" data-settings=\"{&quot;background_background&quot;:&quot;classic&quot;}\">\n\t\t\t\t\t\t<div class=\"elementor-container elementor-column-gap-default\">\n\t\t\t\t\t<div class=\"elementor-column elementor-col-100 elementor-top-column elementor-element elementor-element-864046e ot-flex-column-vertical\" data-id=\"864046e\" data-element_type=\"column\" data-e-type=\"column\">\n\t\t\t<div class=\"elementor-widget-wrap elementor-element-populated\">\n\t\t\t\t\t\t<div class=\"elementor-element elementor-element-128141b theratio-align-center elementor-widget elementor-widget-iheading\" data-id=\"128141b\" data-element_type=\"widget\" data-e-type=\"widget\" data-widget_type=\"iheading.default\">\n\t\t\t\t<div class=\"elementor-widget-container\">\n\t\t\t\t\t\t\t<div class=\"ot-heading is-dots\">\r\n\t        \t            <span>[ ankara mahalle kahvecileri ]<\/span>\r\n\t        \t        <h2 class=\"main-heading\">Ekibimiz<\/h2>\r\n\t        \t    <\/div>\r\n\t    \t\t\t\t<\/div>\n\t\t\t\t<\/div>\n\t\t\t\t<div class=\"elementor-element elementor-element-baa1852 elementor-widget elementor-widget-imembercarousel\" data-id=\"baa1852\" data-element_type=\"widget\" data-e-type=\"widget\" data-widget_type=\"imembercarousel.default\">\n\t\t\t\t<div class=\"elementor-widget-container\">\n\t\t\t\t\t\r\n\t\t<div class=\"team-slider swiper-container\" data-slider_options=\"{&quot;slides_show_desktop&quot;:3,&quot;slides_show_tablet&quot;:2,&quot;slides_show_mobile&quot;:1,&quot;slides_scroll_desktop&quot;:3,&quot;slides_scroll_tablet&quot;:2,&quot;slides_scroll_mobile&quot;:1,&quot;margin_desktop&quot;:0,&quot;arrows&quot;:false,&quot;dots&quot;:true}\"  >\r\n\t\t\t<div class=\"swiper-wrapper\">\r\n\t\t\t\t\r\n\t\t\t\t<div class=\"swiper-slide\">\r\n\t\t\t\t\t<div class=\"team-wrap\">\r\n\t\t\t\t\t\t\t\t\t\t\t\t<div class=\"team-thumb\">\r\n\t\t\t\t\t\t\t<img decoding=\"async\" src=\"https:\/\/ankaramahallekahvecileri.com\/wp-content\/uploads\/2023\/11\/IMG-0548-300x300.jpg\" alt=\"U\u011eUR AS\u0130LSOY\"> \r\n\t\t\t\t\t\t<\/div>\r\n\t\t\t\t\t\t\t\t\t\t\t\t<div class=\"team-text-overlay\">\r\n\t\t\t\t\t\t\t<div class=\"team-info dtable\">\r\n\t\t\t\t\t\t\t\t\t\t\t\t\t\t\t\t<div class=\"dcell\">\r\n\t\t\t\t\t\t\t\t\t<h4 class=\"m_name\">U\u011eUR AS\u0130LSOY<\/h4>\r\n\t\t\t\t\t\t\t\t\t\t\t\t\t                    <div class=\"team-social flex-middle\">\r\n\t\t\t\t                    \t<span class=\"ot-flaticon-add\"><\/span>\r\n\t\t\t\t                       \t<a rel=\"nofollow\" \r\n\t\t\t\t                                href=\"\" style=\"transition-delay: 0ms\">\r\n\t\t\t\t                             <i class=\"fab fab fa-twitter\"><\/i>\r\n\t\t\t\t                        <\/a>\r\n\t\t\t\t                        \t\t\t\t                        <a rel=\"nofollow\" \r\n\t\t\t\t                                href=\"\" style=\"transition-delay: 100ms\">\r\n\t\t\t\t                             <i class=\"fab fab fa-facebook-f\"><\/i>\r\n\t\t\t\t                        <\/a>\r\n\t\t\t\t                        \t\t\t\t                        \t\t\t\t                        <a rel=\"nofollow\" \r\n\t\t\t\t                                href=\"\" style=\"transition-delay: 200ms\">\r\n\t\t\t\t                             <i class=\"fab fab fa-pinterest-p\"><\/i>\r\n\t\t\t\t                        <\/a>\r\n\t\t\t\t                        \t\t\t\t                    <\/div>  \r\n\t\t\t\t\t                \t\t\t\t\t\t\t\t<\/div>\r\n\t\t\t\t\t\t\t\t\t\t\t\t\t\t\t\t<div class=\"m_extra\">\r\n\t\t\t\t\t\t\t\t\t\t\t\t\t\t\t\t\t<\/div>\r\n\t\t\t\t\t\t\t<\/div>\r\n\t\t\t\t\t\t<\/div>\r\n\t\t\t\t\t<\/div>\r\n\t\t\t\t<\/div>\r\n\t\t\t\t\r\n\t\t\t\t<div class=\"swiper-slide\">\r\n\t\t\t\t\t<div class=\"team-wrap\">\r\n\t\t\t\t\t\t\t\t\t\t\t\t<div class=\"team-thumb\">\r\n\t\t\t\t\t\t\t<img decoding=\"async\" src=\"https:\/\/ankaramahallekahvecileri.com\/wp-content\/uploads\/2023\/11\/WhatsApp-Image-2023-11-04-at-15.29.18-1-225x300.jpeg\" alt=\"D\u0130LAY KAY\u0130\u015e\"> \r\n\t\t\t\t\t\t<\/div>\r\n\t\t\t\t\t\t\t\t\t\t\t\t<div class=\"team-text-overlay\">\r\n\t\t\t\t\t\t\t<div class=\"team-info dtable\">\r\n\t\t\t\t\t\t\t\t\t\t\t\t\t\t\t\t<div class=\"dcell\">\r\n\t\t\t\t\t\t\t\t\t<h4 class=\"m_name\">D\u0130LAY KAY\u0130\u015e<\/h4>\r\n\t\t\t\t\t\t\t\t\t\t\t\t\t                    <div class=\"team-social flex-middle\">\r\n\t\t\t\t                    \t<span class=\"ot-flaticon-add\"><\/span>\r\n\t\t\t\t                       \t<a rel=\"nofollow\" \r\n\t\t\t\t                                href=\"\" style=\"transition-delay: 0ms\">\r\n\t\t\t\t                             <i class=\"fab fab fa-twitter\"><\/i>\r\n\t\t\t\t                        <\/a>\r\n\t\t\t\t                        \t\t\t\t                        <a rel=\"nofollow\" \r\n\t\t\t\t                                href=\"\" style=\"transition-delay: 100ms\">\r\n\t\t\t\t                             <i class=\"fab fab fa-facebook-f\"><\/i>\r\n\t\t\t\t                        <\/a>\r\n\t\t\t\t                        \t\t\t\t                        \t\t\t\t                        <a rel=\"nofollow\" \r\n\t\t\t\t                                href=\"\" style=\"transition-delay: 200ms\">\r\n\t\t\t\t                             <i class=\"fab fab fa-pinterest-p\"><\/i>\r\n\t\t\t\t                        <\/a>\r\n\t\t\t\t                        \t\t\t\t                    <\/div>  \r\n\t\t\t\t\t                \t\t\t\t\t\t\t\t<\/div>\r\n\t\t\t\t\t\t\t\t\t\t\t\t\t\t\t\t<div class=\"m_extra\">\r\n\t\t\t\t\t\t\t\t\t\t\t\t\t\t\t\t\t<\/div>\r\n\t\t\t\t\t\t\t<\/div>\r\n\t\t\t\t\t\t<\/div>\r\n\t\t\t\t\t<\/div>\r\n\t\t\t\t<\/div>\r\n\t\t\t\t\r\n\t\t\t\t<div class=\"swiper-slide\">\r\n\t\t\t\t\t<div class=\"team-wrap\">\r\n\t\t\t\t\t\t\t\t\t\t\t\t<div class=\"team-thumb\">\r\n\t\t\t\t\t\t\t<img decoding=\"async\" src=\"https:\/\/ankaramahallekahvecileri.com\/wp-content\/uploads\/2023\/11\/WhatsApp-Image-2023-11-04-at-15.14.18-e1699100211385-187x300.jpeg\" alt=\"CANSU TOKATLIO\u011eLU\"> \r\n\t\t\t\t\t\t<\/div>\r\n\t\t\t\t\t\t\t\t\t\t\t\t<div class=\"team-text-overlay\">\r\n\t\t\t\t\t\t\t<div class=\"team-info dtable\">\r\n\t\t\t\t\t\t\t\t\t\t\t\t\t\t\t\t<div class=\"dcell\">\r\n\t\t\t\t\t\t\t\t\t<h4 class=\"m_name\">CANSU TOKATLIO\u011eLU<\/h4>\r\n\t\t\t\t\t\t\t\t\t\t\t\t\t                    <div class=\"team-social flex-middle\">\r\n\t\t\t\t                    \t<span class=\"ot-flaticon-add\"><\/span>\r\n\t\t\t\t                       \t<a rel=\"nofollow\" \r\n\t\t\t\t                                href=\"\" style=\"transition-delay: 0ms\">\r\n\t\t\t\t                             <i class=\"fab fab fa-twitter\"><\/i>\r\n\t\t\t\t                        <\/a>\r\n\t\t\t\t                        \t\t\t\t                        <a rel=\"nofollow\" \r\n\t\t\t\t                                href=\"\" style=\"transition-delay: 100ms\">\r\n\t\t\t\t                             <i class=\"fab fab fa-facebook-f\"><\/i>\r\n\t\t\t\t                        <\/a>\r\n\t\t\t\t                        \t\t\t\t                        \t\t\t\t                        <a rel=\"nofollow\" \r\n\t\t\t\t                                href=\"\" style=\"transition-delay: 200ms\">\r\n\t\t\t\t                             <i class=\"fab fab fa-pinterest-p\"><\/i>\r\n\t\t\t\t                        <\/a>\r\n\t\t\t\t                        \t\t\t\t                    <\/div>  \r\n\t\t\t\t\t                \t\t\t\t\t\t\t\t<\/div>\r\n\t\t\t\t\t\t\t\t\t\t\t\t\t\t\t\t<div class=\"m_extra\">\r\n\t\t\t\t\t\t\t\t\t\t\t\t\t\t\t\t\t<\/div>\r\n\t\t\t\t\t\t\t<\/div>\r\n\t\t\t\t\t\t<\/div>\r\n\t\t\t\t\t<\/div>\r\n\t\t\t\t<\/div>\r\n\t\t\t\t\t\t\t<\/div>\r\n\t\t\t\t\t\t\t\t\t<!-- Add Dots -->\r\n\t\t\t<div class=\"octf-swiper-pagination\"><\/div>\r\n\t\t\t\t\t<\/div>\r\n\t        \r\n\t    \t\t\t\t<\/div>\n\t\t\t\t<\/div>\n\t\t\t\t<div class=\"elementor-element elementor-element-fea68f3 elementor-widget elementor-widget-spacer\" data-id=\"fea68f3\" data-element_type=\"widget\" data-e-type=\"widget\" data-widget_type=\"spacer.default\">\n\t\t\t\t<div class=\"elementor-widget-container\">\n\t\t\t\t\t\t\t<div class=\"elementor-spacer\">\n\t\t\t<div class=\"elementor-spacer-inner\"><\/div>\n\t\t<\/div>\n\t\t\t\t\t\t<\/div>\n\t\t\t\t<\/div>\n\t\t\t\t\t<\/div>\n\t\t<\/div>\n\t\t\t\t\t<\/div>\n\t\t<\/section>\n\t\t\t\t<section class=\"elementor-section elementor-top-section elementor-element elementor-element-f0a1e46 elementor-section-boxed elementor-section-height-default elementor-section-height-default\" data-id=\"f0a1e46\" data-element_type=\"section\" data-e-type=\"section\">\n\t\t\t\t\t\t<div class=\"elementor-container elementor-column-gap-default\">\n\t\t\t\t\t<div class=\"elementor-column elementor-col-100 elementor-top-column elementor-element elementor-element-f07d4f6 ot-flex-column-vertical\" data-id=\"f07d4f6\" data-element_type=\"column\" data-e-type=\"column\">\n\t\t\t<div class=\"elementor-widget-wrap elementor-element-populated\">\n\t\t\t\t\t\t<div class=\"elementor-element elementor-element-8e5c8c3 elementor-widget elementor-widget-spacer\" data-id=\"8e5c8c3\" data-element_type=\"widget\" data-e-type=\"widget\" data-widget_type=\"spacer.default\">\n\t\t\t\t<div class=\"elementor-widget-container\">\n\t\t\t\t\t\t\t<div class=\"elementor-spacer\">\n\t\t\t<div class=\"elementor-spacer-inner\"><\/div>\n\t\t<\/div>\n\t\t\t\t\t\t<\/div>\n\t\t\t\t<\/div>\n\t\t\t\t\t<\/div>\n\t\t<\/div>\n\t\t\t\t\t<\/div>\n\t\t<\/section>\n\t\t\t\t<\/div>\n\t\t","protected":false},"excerpt":{"rendered":"<p>[ ankara mahalle kahvecileri ] B\u0130&#8217; FARK YARAT! Mahalle kahvecileri, en ba\u015fta bu i\u015fi keyifle yapan,\u00a0dolay\u0131s\u0131yla sundu\u011fu her bir bardak kahveyi a\u015fkla sunan\u00a0ki\u015filerdir. Soka\u011fa \u00e7\u0131kt\u0131\u011f\u0131nda, k\u00f6\u015fede espresso makinas\u0131n\u0131\u00a0\u00e7al\u0131\u015ft\u0131r\u0131p, taptaze filtre kahveni demleyip,\u00a0seni bekleyen kahve severlerdir. Her bir mahalle kahvecisinin\u00a0birbirinden farkl\u0131 tasar\u0131m dokusunu, kahve lezzetini,\u00a0sohbetini, m\u00fczi\u011fini ve ruhunu ancak onlar\u0131 gezerek\u00a0deneyimleyebilirsin. Seni her gitti\u011fin mahalle kahvecisinde\u00a0bekleyen [&hellip;]<\/p>\n","protected":false},"author":1,"featured_media":0,"parent":0,"menu_order":0,"comment_status":"closed","ping_status":"closed","template":"","meta":{"footnotes":""},"class_list":["post-1958","page","type-page","status-publish","hentry"],"_links":{"self":[{"href":"https:\/\/ankaramahallekahvecileri.com\/index.php?rest_route=\/wp\/v2\/pages\/1958","targetHints":{"allow":["GET"]}}],"collection":[{"href":"https:\/\/ankaramahallekahvecileri.com\/index.php?rest_route=\/wp\/v2\/pages"}],"about":[{"href":"https:\/\/ankaramahallekahvecileri.com\/index.php?rest_route=\/wp\/v2\/types\/page"}],"author":[{"embeddable":true,"href":"https:\/\/ankaramahallekahvecileri.com\/index.php?rest_route=\/wp\/v2\/users\/1"}],"replies":[{"embeddable":true,"href":"https:\/\/ankaramahallekahvecileri.com\/index.php?rest_route=%2Fwp%2Fv2%2Fcomments&post=1958"}],"version-history":[{"count":51,"href":"https:\/\/ankaramahallekahvecileri.com\/index.php?rest_route=\/wp\/v2\/pages\/1958\/revisions"}],"predecessor-version":[{"id":5016,"href":"https:\/\/ankaramahallekahvecileri.com\/index.php?rest_route=\/wp\/v2\/pages\/1958\/revisions\/5016"}],"wp:attachment":[{"href":"https:\/\/ankaramahallekahvecileri.com\/index.php?rest_route=%2Fwp%2Fv2%2Fmedia&parent=1958"}],"curies":[{"name":"wp","href":"https:\/\/api.w.org\/{rel}","templated":true}]}}